j - 50. Calculate the highest common divisor of 72 and j.
24
Let t = -36 + 24. Let n be ((-21)/4)/7*t. Calculate the greatest common divisor of 1 and n.
1
Suppose b - 2*b = -n - 37, -4*b + 2*n = -146. Let j be (23 + -1)*b/8. What is the highest common factor of 9 and j?
9
Let r be (-522)/14 + (-6)/(-21). Let x = r + 64. Calculate the highest common divisor of x and 27.
27
Suppose 4*x - 196 = 2*r, -3*x + 8*r + 154 = 3*r. What is the greatest common divisor of x and 120?
24
Let m(z) = -z**3 - 9*z**2 - 3*z - 13. Let o be -4 - -2 - (-14)/(-2). Let t be m(o). Suppose 0 = 5*n - 6 - t. What is the highest common factor of n and 1?
1
Let a be (-1)/2 + 90/4. Let r(w) = 4*w**2 + 5*w + 2. Let z be r(6). Calculate the highest common divisor of z and a.
22
Let p(z) = z**2 - z + 6. Let b be p(6). Calculate the greatest common factor of 48 and b.
12
Let d(f) = f**2 - f + 2. Let y be d(0). Let n be 2/(-2) - -1 - y. Let t = n + 38. Calculate the highest common divisor of t and 18.
18
Let u(v) = -76*v - 4. Let x be u(-1). Suppose t - 140 = -4*t. Let i = t - 20. Calculate the highest common divisor of x and i.
8
Suppose c = 9 - 4. Let s(k) = k**2 + 3. Let i be s(c). Let t = -11 + 18. Calculate the highest common divisor of i and t.
7
Suppose 0 = -4*k + 5*d - 100, -30 = 2*k + 4*d - 6. Let i = k + 47. What is the highest common factor of i and 18?
9
Let w be 4/(-22) - 990/(-121). Suppose -5*p + w = -32. Let s be 0 + 0/1 + 1. Calculate the highest common divisor of s and p.
1
Let z be 1*(12 - (-5 + 3)). What is the highest common factor of z and 49?
7
Let p = -5 + 7. Suppose 10 = p*d - 3*w, 4*d = w + 7 + 23. Calculate the highest common divisor of 40 and d.
8
Suppose -x - 5*u + 45 = 0, 3*x + 5*u = 73 + 72. Let f = -1 - -11. What is the greatest common divisor of f and x?
10
Let c = 19 - 42. Let k = c - -38. What is the greatest common factor of k and 105?
15
Suppose 3*r + 5*v - 165 - 3 = 0, -2*r = v - 105. Let j = 8 + 77. Let m = j - r. Calculate the greatest common factor of 17 and m.
17
Suppose -2*c = -3*p - 1, -3*c = -5*p - 8*c + 15. Let q be 763/28 - p/4. Let m be ((-3)/2)/(3/(-6)). Calculate the greatest common divisor of m and q.
3
Suppose 155 = 8*o - 61. Calculate the highest common divisor of o and 189.
27
Let j = 63 - 33. Suppose 0 = -2*n + 5*g + j, g + 2*g + 26 = 2*n. Suppose 45 + 5 = 2*a. What is the highest common factor of a and n?
5
Let t = 79 + -46. What is the highest common factor of 22 and t?
11
Let q be 2 + -2 - 215 - -2. Let j = -365 - q. Let t = j - -320. Calculate the greatest common divisor of t and 24.
24
Suppose -270 = -3*v + 3*b, 0 = -6*v + 4*v + 3*b + 176. Let p be v/6 - 2/3. What is the greatest common divisor of 15 and p?
15
Suppose -3*a = -3*s + 81, -3*s = a - 110 + 37. What is the greatest common factor of s and 125?
25
Suppose -2*j + 52 = 20. Let u(x) = x**3 + 2*x**2 - 2*x + 7. Let d be u(-3). Calculate the greatest common factor of j and d.
4
Let u be 2/(-2)*(-1 - -1). Suppose -i + 3*i - 14 = u. Let t = -2 + i. What is the greatest common divisor of t and 20?
5
Suppose 4*v + v - 515 = 5*t, -305 = -3*v + 2*t. Suppose 5*f - 251 - v = 0. Let w be (1 - 2)/((-3)/42). Calculate the highest common divisor of f and w.
14
Let h = -3250 + 1675. Let u be h/(-11) + 14/(-77). What is the greatest common factor of 13 and u?
13
Suppose w - 3 = -4*m + 2, -3*m + 5 = 2*w. Suppose -w = -6*b + 11. What is the greatest common divisor of 3 and b?
1
Let d be 9/3 + (1 - 1). Suppose 5*i = d - 8. Let y be 1*2 + 0 + i. What is the greatest common factor of y and 9?
1
Suppose 0*q - 24 = -3*q. Let l be 8/6*(-12)/(-8). Let k be (l - 10)*(-3)/6. Calculate the highest common factor of k and q.
4
Suppose 0 = 2*k - 3*k + 175. Let v(i) = -i**2 - 3*i + 2. Let q be v(-3). Let j = 27 - q. Calculate the highest common divisor of j and k.
25
Let a(r) = r**2 + r - 6. Let u(i) = -3*i**2 - 2*i + 12. Let f(g) = -5*a(g) - 2*u(g). Let y be f(0). What is the highest common factor of y and 30?
6
Let f = -65 + 86. Calculate the greatest common factor of f and 21.
21
Let q(j) = j**2 + 7*j + 6. Let g be q(-4). Let b be 151/3 + 2/g. Calculate the greatest common divisor of b and 10.
10
Suppose 0 = -5*a - 2*k + 1, -k = -a - 0*a - 4. Let y be (3 + -1 + a)*12. What is the greatest common factor of y and 60?
12
Suppose -3*f = -2*f - 11. Let l(x) be the third derivative of x**4/8 - 5*x**3/2 - 4*x**2. Let r be l(f). What is the highest common factor of 54 and r?
18
Let n = 15 + 65. What is the greatest common divisor of n and 16?
16
Suppose -3*m = 2*m - 440. Calculate the greatest common divisor of 11 and m.
11
Suppose -4*k = 5*k - 315. Calculate the greatest common factor of k and 10.
5
Let n(o) = o**2 + 30*o + 8. Let c be n(-32). What is the greatest common divisor of c and 8?
8
Let h be -9 + 12 + (0 - -1). Let a(i) = 2*i**2 - 3*i + 4. Let b be a(h). What is the highest common factor of 3 and b?
3
Let g(q) = q**3 + 5*q**2 - 8*q - 4. Let v be g(-6). Suppose v = 3*c - c. What is the greatest common divisor of 36 and c?
4
Suppose 0 = 2*n - 549 - 199. Calculate the highest common divisor of n and 34.
34
Suppose -2*x - 69 = -5*m + x, 4*m = x + 51. Let y = 24 - m. Calculate the greatest common factor of y and 96.
12
Suppose 10 - 4 = u. Let i = 81 + -78. Calculate the highest common divisor of u and i.
3
Suppose 19 = o + 2*x, 4*x = o + 2*o - 7. Suppose -5*z = 3*g - 0*z - 209, 0 = 4*g - 3*z - 240. Calculate the highest common divisor of o and g.
9
Let p(d) be the third derivative of d**5/30 + d**4/8 - 3*d**2. Let r be p(-2). What is the greatest common divisor of 18 and r?
2
Let m = 43 + -31. Calculate the greatest common factor of 36 and m.
12
Suppose g = -3*k + 35, -5*k - 3*g = -7*g - 47. What is the greatest common factor of 11 and k?
11
Let f(u) = 2*u**2 - 6*u + 11. Let o be f(8). Let i be -26*((-10)/4 + 2). Calculate the highest common factor of i and o.
13
Let f(d) = -21*d - 25. Let j be f(-8). Calculate the greatest common divisor of 13 and j.
13
Suppose -2*k + 2 + 2 = 0. Calculate the greatest common divisor of k and 8.
2
Suppose -2*l + 3 + 1 = 0. Suppose 3*b = -5*f + 2*f + 18, -3*f = l*b - 13. Let m = -6 + 17. What is the highest common factor of m and f?
1
Suppose 0 = -c + 7 + 8. Let j = -20 - -24. Suppose y + 6 = -j*i, -5*y + 2*y - 3*i + 18 = 0. Calculate the highest common factor of y and c.
5
Suppose 2*m = -10 + 54. Let w be -6 - -3 - 0 - -5. What is the greatest common divisor of m and w?
2
Let x be (2 - 0)*(-3)/(-6). Calculate the greatest common factor of 11 and x.
1
Suppose 1061 + 79 = 5*z. Suppose -p + 4*p - 4*k = z, -153 = -2*p + 3*k. Let a be (-3)/(-4) + 132/16. Calculate the highest common divisor of p and a.
9
Let j(b) = 3*b + 7*b**2 + 2 - 6*b**2 + 2. Let k be j(-4). What is the highest common divisor of 4 and k?
4
Let z be (9/2)/((-1)/(-2)). Calculate the greatest common divisor of 9 and z.
9
Let f be 12/20*(0 - -5). Suppose 2*c + 6 = -m, f + 34 = 3*m - 5*c. Let h be (-3)/(-6)*m + 2. Calculate the greatest common divisor of 4 and h.
4
Let s(r) = 54*r + 3. Let u be s(-2). Let a be (10/(-15))/(2/u). Calculate the greatest common factor of a and 7.
7
Let f be 2/(-6)*12*-2. Let n be f/3 + 2/6. Calculate the greatest common factor of 18 and n.
3
Let s(a) = -a**3 + 12*a**2 + 8*a - 9. Let o be s(11). Let w(n) = 2*n**2 + 5*n - 5. Let y be w(-5). What is the highest common factor of y and o?
20
Suppose 5*c - 58 = -2*d, 3*c + c - 47 = -d. Suppose -13 = -5*t + c. Let z = 56 - 51. What is the greatest common factor of z and t?
5
Let y(j) = j**3 + 3*j**2 - 5*j - 4. Let s(q) = q**2 - 8*q + 9. Let z be s(6). Let u be y(z). Let m = u + -8. What is the greatest common divisor of m and 9?
3
Suppose -5*h + 5 = 5*f, 4*f + 3*h - 4*h + 1 = 0. Suppose f = -r - 7 + 19. Calculate the greatest common factor of r and 18.
6
Let x = 11 + -10. Suppose -20 = -i + s - 6*s, -12 = -4*s. Calculate the greatest common factor of i and x.
1
Suppose 3*w + 5*f + 5 - 177 = 0, -20 = 5*f. Let y(h) = -3*h - 5. Let d be y(-7). What is the highest common divisor of w and d?
16
Let m = -35 + 53. Let v(d) = -3*d. Let b be v(-4). Calculate the highest common factor of b and m.
6
Suppose -5*y = 3*g - 53 - 29, -3*g - y = -74. What is the greatest common factor of 8 and g?
8
Suppose 0 = -3*m + 2*m + 1. Let s be 2/m*(-1